 360?
True
Does 37 divide 16502?
True
Is 3887 a multiple of 23?
True
Is 2886 a multiple of 3?
True
Is 102187 a multiple of 27?
False
Is 1050 a multiple of 30?
True
Is 29 a factor of 4087?
False
Is 8 a factor of 200?
True
Is 32 a factor of 10401?
False
Is 21 a factor of 10078?
False
Is 476 a multiple of 17?
True
Is 15847 a multiple of 65?
False
Does 17 divide 1003?
True
Is 110 a factor of 11880?
True
Is 2410 a multiple of 20?
False
Is 1700 a multiple of 15?
False
Does 46 divide 11730?
True
Is 7 a factor of 78344?
True
Is 3825 a multiple of 13?
False
Does 6 divide 264?
True
Is 14 a factor of 185?
False
Is 90 a factor of 5700?
False
Is 26895 a multiple of 15?
True
Is 30 a factor of 840?
True
Is 63 a factor of 1239?
False
Is 292 a factor of 23944?
True
Does 53 divide 4134?
True
Is 1408 a multiple of 22?
True
Is 1310 a multiple of 6?
False
Is 57 a factor of 18325?
False
Is 39 a factor of 5421?
True
Does 3 divide 218?
False
Does 12 divide 276?
True
Does 55 divide 1912?
False
Is 2607 a multiple of 33?
True
Is 1264 a multiple of 19?
False
Is 20 a factor of 1256?
False
Does 5 divide 1056?
False
Is 80 a factor of 4672?
False
Is 11 a factor of 8503?
True
Is 3 a factor of 3?
True
Does 9 divide 1881?
True
Does 6 divide 858?
True
Does 6 divide 9268?
False
Is 9 a factor of 4185?
True
Is 1668 a multiple of 15?
False
Is 300 a multiple of 25?
True
Does 126 divide 4028?
False
Does 13 divide 1716?
True
Does 52 divide 2405?
False
Does 14 divide 2533?
False
Does 54 divide 2538?
True
Is 19 a factor of 4444?
False
Does 8 divide 1354?
False
Is 7745 a multiple of 20?
False
Does 200 divide 2251?
False
Is 11 a factor of 1176?
False
Is 21 a factor of 924?
True
Does 13 divide 2340?
True
Is 5565 a multiple of 7?
True
Does 155 divide 775?
True
Does 21 divide 36323?
False
Is 503 a multiple of 5?
False
Does 10 divide 52?
False
Is 2688 a multiple of 64?
True
Is 7379 a multiple of 157?
True
Does 5 divide 4495?
True
Is 47 a factor of 9635?
True
Is 7762 a multiple of 137?
False
Does 9 divide 617?
False
Is 51192 a multiple of 90?
False
Does 19 divide 513?
True
Is 36207 a multiple of 131?
False
Does 18 divide 576?
True
Is 3192 a multiple of 12?
True
Does 6 divide 1650?
True
Is 48550 a multiple of 10?
True
Is 19305 a multiple of 45?
True
Is 51409 a multiple of 158?
False
Is 2940 a multiple of 26?
False
Is 27 a factor of 783?
True
Is 98 a factor of 5488?
True
Does 22 divide 249?
False
Does 56 divide 896?
True
Is 104 a factor of 65208?
True
Is 153 a multiple of 27?
False
Is 16974 a multiple of 41?
True
Is 58 a factor of 2146?
True
Is 15848 a multiple of 8?
True
Is 3 a factor of 156?
True
Is 24844 a multiple of 9?
False
Does 7 divide 980?
True
Does 47 divide 26152?
False
Does 12 divide 12303?
False
Is 21679 a multiple of 28?
False
Does 4 divide 7115?
False
Is 80 a multiple of 47?
False
Does 53 divide 1042?
False
Is 16 a factor of 225?
False
Is 1032 a multiple of 24?
True
Is 6 a factor of 1512?
True
Is 7293 a multiple of 143?
True
Does 11 divide 1758?
False
Is 3946 a multiple of 19?
False
Is 47268 a multiple of 9?
True
Is 35 a factor of 16746?
False
Does 30 divide 4230?
True
Does 17 divide 1088?
True
Is 7416 a multiple of 24?
True
Is 49875 a multiple of 104?
False
Does 4 divide 130?
False
Is 26 a factor of 1788?
False
Does 20 divide 560?
True
Is 57 a factor of 1007?
False
Is 11 a factor of 5297?
False
Is 7126 a multiple of 29?
False
Does 25 divide 1572?
False
Is 46 a factor of 1424?
False
Does 11 divide 3167?
False
Is 44 a factor of 7612?
True
Does 51 divide 53622?
False
Does 108 divide 11232?
True
Is 103 a factor of 6801?
False
Is 1655 a multiple of 5?
True
Does 59 divide 3481?
True
Is 12377 a multiple of 8?
False
Does 27 divide 1046?
False
Is 40348 a multiple of 131?
True
Is 198 a multiple of 9?
True
Does 4 divide 8934?
False
Does 15 divide 30?
True
Is 2 a factor of 44?
True
Is 11 a factor of 30283?
True
Is 6 a factor of 13529?
False
Does 10 divide 368?
False
Is 9 a factor of 167?
False
Is 10 a factor of 4310?
True
Is 2377 a multiple of 31?
False
Is 36221 a multiple of 29?
True
Is 7 a factor of 1517?
False
Is 99 a factor of 1425?
False
Does 9 divide 1818?
True
Is 79 a factor of 2892?
False
Does 6 divide 107?
False
Does 26 divide 29952?
True
Is 33 a factor of 822?
False
Is 47 a factor of 2162?
True
Does 7 divide 427?
True
Does 110 divide 11220?
True
Does 14 divide 4228?
True
Is 49 a factor of 1029?
True
Is 7 a factor of 826?
True
Is 2148 a multiple of 23?
False
Is 7062 a multiple of 120?
False
Is 4117 a multiple of 8?
False
Does 23 divide 5335?
False
Does 16 divide 112?
True
Does 36 divide 432?
True
Does 15 divide 8301?
False
Is 562 a multiple of 23?
False
Is 4176 a multiple of 119?
False
Is 82 a factor of 1240?
False
Is 5 a factor of 365?
True
Does 79 divide 14771?
False
Is 17 a factor of 178?
False
Does 16 divide 909?
False
Is 2574 a multiple of 11?
True
Is 7132 a multiple of 79?
False
Is 40 a factor of 440?
True
Is 29 a factor of 1653?
True
Is 15 a factor of 3570?
True
Is 29 a factor of 3828?
True
Does 9 divide 126?
True
Is 899 a multiple of 6?
False
Is 153 a factor of 9434?
False
Is 2388 a multiple of 56?
False
Is 476 a multiple of 14?
True
Is 1959 a multiple of 134?
False
Is 615 a multiple of 10?
False
Is 16 a factor of 704?
True
Is 349 a factor of 5235?
True
Is 5473 a multiple of 35?
False
Is 6873 a multiple of 79?
True
Does 3 divide 14976?
True
Is 31 a factor of 1705?
True
Is 47736 a multiple of 61?
False
Does 21 divide 690?
False
Is 12 a factor of 1223?
False
Does 20 divide 10125?
False
Is 1290 a multiple of 30?
True
Is 24 a factor of 6408?
True
Does 28 divide 4564?
True
Is 11 a factor of 583?
True
Is 3 a factor of 2048?
False
Is 4 a factor of 89?
False
Is 935 a multiple of 11?
True
Does 23 divide 812?
False
Is 1298 even?
True
Is 1416 a multiple of 173?
False
Is 315 a multiple of 63?
True
Is 130 a multiple of 5?
True
Does 10 divide 3040?
True
Does 40 divide 11657?
False
Is 465 a multiple of 27?
False
Does 53 divide 689?
True
Does 5 divide 200?
True
Is 64 a factor of 7677?
False
Is 35 a factor of 6241?
False
Is 4836 a multiple of 78?
True
Does 96 divide 3339?
False
Is 41740 a multiple of 101?
False
Is 15 a factor of 8940?
True
Is 1021 a multiple of 12?
False
Is 637 a multiple of 3?
False
Does 15 divide 1523?
False
Is 7125 a multiple of 125?
True
Is 52 a factor of 4709?
False
Is 538 a multiple of 24?
False
Is 288 even?
True
Is 193 a factor of 40337?
True
Is 227 a factor of 40264?
False
Is 38 a factor of 2926?
True
Does 310 divide 17413?
False
Is 259 a factor of 30680?
False
Is 134 a factor of 38592?
True
Does 12 divide 1023?
False
Is 756 a multiple of 108?
True
Does 19 divide 494?
True
Does 4 divide 160?
True
Is 26 a factor of 364?
True
Is 96 a multiple of 63?
False
Does 18 divide 1240?
False
Is 43 a factor of 1003?
False
Does 22 divide 7502?
True
Is 45 a factor of 180?
True
Is 40 a factor of 495?
False
Is 16 a factor of 10940?
False
Is 320 a factor of 28160?
True
Is 73 a factor of 339?
False
Does 60 divide 1380?
True
Is 55 a factor of 473?
False
Is 682 a multiple of 4?
False
Is 14 a factor of 1484?
True
Is 18 a factor of 2806?
False
Does 31 divide 640?
False
Is 52 a factor of 15003?
False
Is 4330 a multiple of 146?
False
Does 18 divide 18228?
False
Is 12 a factor of 492?
True
Does 85 divide 16490?
True
Is 4960 a multiple of 155?
True
Is 165 a multiple of 3?
True
Is 63 a multiple of 9?
True
Is 1495 a multiple of 13?
True
Is 63 a factor of 2819?
False
Is 55 a factor of 440?
True
Is 23 a factor of 529?
True
Is 218 a factor of 39367?
False
Does 11 divide 28625?
False
Is 58 a factor of 11925?
False
Is 13 a factor of 178?
False
Does 23 divide 644?
True
Does 17 divide 94024?
False
Does 24 divide 960?
True
Does 29 divide 3014?
False
Is 11 a factor of 519?
False
Is 1346 a multiple of 13?
False
Is 4030 a multiple of 13?
True
Is 7155 a multiple of 135?
True
Does 23 divide 201?
False
Is 5070 a multiple of 169?
True
Is 97776 a multiple of 287?
False
Is 40 a factor of 560?
True
Is 6965 a multiple of 35?
True
Does 30 divide 429?
False
Is 20760 a multiple of 63?
False
Does 41 divide 2419?
True
Does 12 divide 566?
False
Does 16 divide 35424?
True
Does 19 divide 209?
True
Is 14 a factor of 694?
False
Does 194 divide 24327?
False
Is 8 a factor of 299?
False
Is 154 a multiple of 22?
True
Is 30 